- s. Suppose y - 3*p - 37 = 8, 0 = -3*y - 3*p + 171. What is the remainder when y is divided by v?
6
Let c be 12/7*42/12. Suppose 0 = c*p - 251 - 193. What is the remainder when p is divided by 26?
22
Let l = -3607 - -3693. Let o = -65 - -84. Calculate the remainder when l is divided by o.
10
Let q = -18134 - -19067. What is the remainder when q is divided by 241?
210
Let k(c) = -c**3 + 15*c**2 - 40*c + 231. What is the remainder when 1615 is divided by k(13)?
47
Suppose x - 14 = -2*j, -4*x - 5*j = -36 - 5. Suppose x*y + 4*f = 448, -2*y + 0*y = -3*f - 219. What is the remainder when y is divided by 20?
11
Let t = 32 + -32. Suppose 0 = 4*u - 3*n - 2, t = -4*u - 3*n + 14. Suppose -9 = -u*l + 11. What is the remainder when 34 is divided by l?
4
Let r(i) = i**3 - 11*i**2 + 31*i + 12. Suppose p = -b + 35, -2*b + 135 = 2*b - p. Calculate the remainder when b is divided by r(6).
16
Let k = -26 - -31. Suppose -k*c = -11 - 4. Suppose 2*p = 5*o + 6*p - 121, -c*o - p + 67 = 0. Calculate the remainder when o is divided by 12.
9
Suppose 150*b - 1464 - 9306 + 870 = 0. Calculate the remainder when 3434 is divided by b.
2
Let h(a) = -3*a**3 - 40*a**2 - 44*a - 44. What is the remainder when h(-14) is divided by 140?
124
Suppose 0 = 5*o - 25 + 10. Suppose -4*m - 11 = -o*b, 0 = 2*b + 5*m + 8. What is the remainder when 7 is divided by b?
0
Let o be (-28)/63 - (-1898)/18. Suppose o*z = 100*z + 735. Calculate the remainder when z is divided by 33.
15
Suppose 5883*s = 5854*s + 2001. Calculate the remainder when 4484 is divided by s.
68
What is the remainder when 13931 is divided by 103 - -2*10/40*10?
107
Let r(k) = -k**3 + 10*k**2 - 9*k. Let o be r(9). Suppose 0 = -5*x - 20, o*m = m - 5*x - 24. Suppose g + m*g = 80. What is the remainder when 45 is divided by g?
13
What is the remainder when 154 is divided by (-42)/(-77)*44/(-3) + 60 + -1?
1
Suppose 12*k - 5*k - 896 = 0. Let d = -97 + k. What is the remainder when d is divided by 3?
1
Suppose 5*o - 1405 = -316*p + 321*p, 3*o - 4*p - 838 = 0. What is the remainder when 409 is divided by o?
123
Suppose 4680 = 6*z - 24*z. Let b = 308 + z. What is the remainder when b is divided by 27?
21
Let s(x) = 5*x**2 + 22*x + 8. Calculate the remainder when s(-8) is divided by 126.
26
Let w(z) = 16*z**2 - 319*z + 3552. What is the remainder when w(11) is divided by 59?
32
Let k be (2 + 3/(-2))*8. Let u = 124 - 37. Calculate the remainder when u is divided by (4 + 0)/(k/22).
21
Let g = 3578 - 804. Calculate the remainder when g is divided by 75.
74
Suppose q + 2*h = 2*q + 4, q + 9 = 3*h. Calculate the remainder when 1/(-6) - (-289)/q is divided by 10.
8
Suppose 34*w - 114 = 33*w - 5*r, 7*r = -5*w + 462. Suppose -3*u + 4*y + 152 = u, -3*u + 139 = 2*y. What is the remainder when w is divided by u?
41
Suppose 295 = 2*u - 180*f + 179*f, -4*f = -3*u + 445. What is the remainder when u is divided by 111?
36
Let m(i) = 17*i**2 - 5*i - 1. Let f be -3 + -2 + (1 - 3) + 5. Let s be m(f). Suppose s - 17 = 3*n. Calculate the remainder when n is divided by 7.
6
What is the remainder when 129 is divided by ((-194)/(-291) + 17/(-21))*-21?
0
Let j(t) = -10*t - 33. Let c be j(-3). Calculate the remainder when c/(-3) - (-86 + (-1 - -2)) is divided by 11.
9
Let q be 25/(-30) + (-953)/(-6). Suppose 9*z - 806 = -q. Calculate the remainder when z is divided by 14.
2
Let k = 14108 - 14018. Calculate the remainder when 183 is divided by k.
3
Let o(k) = -62*k + 214. Let y(m) = -42*m + 143. Let c(t) = 5*o(t) - 7*y(t). What is the remainder when 189 is divided by c(4)?
4
Suppose 12*z - 15*z = 4*v - 22003, 27480 = 5*v - 20*z. What is the remainder when v is divided by 56?
12
Let z = -3180 + 3612. What is the remainder when z is divided by 70?
12
Let q be (-2)/(-8) - (-7 - (-27)/12). Suppose 2*w - q*z - 35 = 0, -4*w = -0*z + 4*z. Calculate the remainder when 42 is divided by w.
2
Let m be (-988)/(-95) + (-6)/15. Let l(d) = 3*d**2 - 6*d - 30 + 3*d**2 - 5*d**2. What is the remainder when l(m) is divided by 7?
3
Suppose 0 = -18*g - g. Suppose 14*d - 446 + 68 = g. Calculate the remainder when 79 is divided by d.
25
Calculate the remainder when 350 is divided by (((-72)/54)/(2/3))/(32/(-2368)).
54
Let s(b) = -b**3 - 15*b**2 - 28*b - 16. Let x be s(-13). Let f = x + 40. Suppose -3*w + 47 = u, u + 12 = -2*u. Calculate the remainder when f is divided by w.
16
Suppose -2*i + 3122 = -3*k, 2*i = -0*k + 4*k + 4164. Calculate the remainder when k/(-10) + 25/(-125) is divided by 27.
23
Suppose 226*d - 27239 - 17965 = 101696. Calculate the remainder when d is divided by 92.
6
Let i(b) = -2*b + 22. Suppose 49*s = 41*s - 8. Calculate the remainder when (1312/123)/(2/(s - -13)) is divided by i(0).
20
Let u = -38 - -41. Suppose -u*i + i = -14. Suppose -5*o - i = -6*o. What is the remainder when 26 is divided by o?
5
Let c = 83 - 49. Suppose 5*q - 640 = -k, 285*q + 256 = 287*q - k. Calculate the remainder when q is divided by c.
26
Let p = 76 + -70. Suppose -p*u = -366 + 66. Calculate the remainder when u is divided by 6.
2
Let f(b) = -b**3 - 28*b**2 - 181*b + 11. Calculate the remainder when 1926 is divided by f(-18).
12
Suppose -t + 10*t = 3024. Suppose 5*h = 2*u - t, -126 - 68 = -u - 4*h. What is the remainder when u is divided by 15?
13
Suppose -1686*c = -1754*c + 10203 - 3335. Calculate the remainder when 210 is divided by c.
8
Suppose -5*k + 25 = 45. Let o be ((-2)/2)/(k - 90/(-24)). Calculate the remainder when (-19*15)/((-26)/o + 5) is divided by 16.
14
Let l(j) = 3 + 4*j - 4*j + j**2. Suppose -p + 13 = -31. What is the remainder when p is divided by l(3)?
8
Let l(o) = -o**3 - 7*o**2 - o + 3. Suppose 0 = 207*i - 425*i + 211*i + 616. Calculate the remainder when i is divided by l(-7).
8
Let h(c) = 2*c**2 + 102*c - 1302. What is the remainder when 68 is divided by h(11)?
6
Let h(t) = -t**3 + 28*t**2 + 3*t - 64. Let s be h(28). Let w(c) = -c + 40. Let j = -7 - -83. Calculate the remainder when j is divided by w(s).
16
Let q(n) = -16*n**2 - 3*n + 2. Suppose -4*v = -4 - 0. Let d be q(v). Let c = d - -32. Calculate the remainder when 72 is divided by c.
12
Let o(r) = -7 - r**2 - 9*r + 3 + 0 - 2. Let b(n) = n**3 - n**2 + n + 5. What is the remainder when b(3) is divided by o(-5)?
12
Suppose -55 - 59 = -2*g. Calculate the remainder when g is divided by -5 - ((-13)/1 - 6 - 2).
9
Calculate the remainder when 1590/2915 + -2*2010/(-11) is divided by 49.
23
What is the remainder when (-16146)/(-10) - 1*(-24)/(-40) - 0 is divided by 101?
99
Suppose -4*s - 28 = -44. Suppose s*u = 546 + 242. What is the remainder when u is divided by 40?
37
Calculate the remainder when (95/(-10))/((-17)/5338) is divided by 12.
7
Let x = -13 + 32. Suppose -r - 4*y + 32 = -45, -5*r - 2*y = -331. Calculate the remainder when r is divided by x.
8
Let a(x) = 3*x + 2. Let h = 39 + -30. Suppose -144 = -9*d - h*d. Calculate the remainder when a(4) is divided by d.
6
Let z = 723 + 762. Calculate the remainder when z is divided by 6.
3
Suppose 11*j - 2880 = 8*j. Suppose 5*i - j = i. Suppose i = 8*d - 3*d. What is the remainder when d is divided by 17?
14
Suppose 2*h - 70 = 74. What is the remainder when (3 - 15 - -7)/(4 + 113/(-28)) is divided by h?
68
Suppose 0*j - 126 = -2*j. Let m(l) = -l**2 - 1774*l + 16052. What is the remainder when j/2 + (-1)/(-2) is divided by m(9)?
2
Let i be -12 + 13 + 0 + 14. Suppose -3*q = -i - 3. Calculate the remainder when 26 is divided by ((-54)/3 + -3)*(-4)/q.
12
Suppose -3*w + 677 = m, 884 = -46*w + 50*w + 4*m. What is the remainder when 479 is divided by w?
23
Let c(j) = 4*j**2 - 518*j - 2093. Calculate the remainder when 2578 is divided by c(-4).
41
Let m = 7393 + -7314. Let w = 0 + -2. Let z(a) = -3*a**3 - 2*a**2. What is the remainder when m is divided by z(w)?
15
What is the remainder when 2353 is divided by (3 - (44/(-8) - -4)*2)*3?
13
Let w = -75 - 2. What is the remainder when w/(-11) + 83 - (-6)/2 is divided by 12?
9
Let s(b) = -11*b - 228. Let r be s(-26). What is the remainder when (r + -3)*(-2)/(-5) is divided by 5?
2
Let k(g) = -6*g**2 + 41*g - 8. Let y = -74 + 137. What is the remainder when y is divided by k(6)?
19
What is the remainder when 19382/4*(-92)/(-253) is divided by 23?
14
Let m(u) = 9*u**2 - 2*u - 1. Let i(c) = -2*c**3 + 76*c**2 + 87*c - 315. Calcul